0*n + d. What is the remainder when 37 is divided by n?
11
Suppose v + 2*v - 9 = 0. Suppose 2*w + 3*f = 5 + 5, -w + 4*f - 6 = 0. Calculate the remainder when v is divided by ((-3)/w)/(27/(-36)).
1
Suppose 5*d = -x + 2*x + 33, d - 2*x - 12 = 0. What is the remainder when (-329)/(-3) - 4/d is divided by 28?
25
What is the remainder when 37 is divided by (4 + -23)*((-1)/(-1))/(-1)?
18
Let w = 337 - 106. Let s be (-2)/8 - w/(-28). Calculate the remainder when 57 is divided by (s*5)/(-4)*-2.
17
Suppose -t + 14 = -22. Suppose -2*a = -4 - t. Suppose 3*y - a - 307 = 2*l, -l + 327 = 3*y. Calculate the remainder when y is divided by 28.
25
Let a = 576 + -409. What is the remainder when a is divided by 21?
20
Suppose -u = -25 + 9. Suppose -5*o + o + u = 0. What is the remainder when 19 is divided by o?
3
Let n be 1*-3*(-456)/9*-1. Let i = -21 - n. Calculate the remainder when i is divided by 33.
32
Suppose -4*l - 160 = -5*b, 0 = -2*b + 5*l + 29 + 35. Let z = 153 - 142. Calculate the remainder when b is divided by z.
10
Suppose -42 = -r + m, 0*r - 3*m - 206 = -5*r. Calculate the remainder when r is divided by 5.
0
Suppose 83 = 3*m - 160. What is the remainder when m is divided by 41?
40
Let n(z) be the second derivative of -z**3/6 + 13*z**2/2 + 12*z. Calculate the remainder when 90 is divided by n(-18).
28
Let l(j) = -109*j + 1. Suppose -9*i + 758 - 506 = 0. Calculate the remainder when l(-1) is divided by i.
26
Let q be (120/12)/(-1 - 0). Let m(f) = -8*f - 5. Suppose -7 = u - 18. What is the remainder when m(q) is divided by u?
9
Let c(i) be the first derivative of -i**4/4 - i**3 - 7*i**2/2 + 2*i - 5. Suppose 5 + 40 = 3*t. Calculate the remainder when c(-5) is divided by t.
12
Calculate the remainder when -5*(126/(-10) + -7) is divided by 8.
2
Let f = -26 - -29. Let d = -14 + -4. Let l = 25 + d. Calculate the remainder when l is divided by f.
1
Suppose -4*x + 193*d + 1133 = 188*d, -4*x + 1127 = d. Calculate the remainder when x is divided by 3.
0
Let l = -1 - -4. What is the remainder when 0 - (l + 7*-2) is divided by ((-9)/5)/3*-5?
2
Let g(n) be the first derivative of -22*n**2 + 4*n + 4. Let t be g(-4). Suppose 8*s - 3*s = t. Calculate the remainder when s is divided by 10.
6
Let l = -12 + 18. Calculate the remainder when 33 is divided by l.
3
Let g = 687 - -55. Calculate the remainder when g is divided by 31.
29
Let g(o) = -o**3 + 4*o**2 + o + 1. Let u be g(3). Suppose u = 2*m - 9. Suppose 13*p - 98 = m*p. What is the remainder when p is divided by 13?
10
Let k(v) = v**2 - v - 19. What is the remainder when k(-17) is divided by 49?
42
Let r = -132 + 224. Calculate the remainder when r is divided by 16.
12
Let t(c) = -c**3 + 18*c**2 + 2*c - 14. What is the remainder when 106 is divided by t(18)?
18
Suppose -2*n = 4*w - 0*w - 360, -3*w = 5*n - 893. What is the remainder when n is divided by 30 + 4 - (-9 + 7 + 0)?
34
Suppose 5*o - 74 = w - 0, 3*w = -4*o - 241. Let n = w + 99. What is the remainder when n is divided by 7?
6
Let j = 65 + -50. Calculate the remainder when (12/j)/((-2)/(-455)) is divided by 23.
21
Let z(l) = l**3 - 5*l**2 - 3*l - 13. Let t be z(6). Suppose t*k - 14 = 311. What is the remainder when k is divided by 33?
32
Suppose -4*m + 9*m = 8800. What is the remainder when (m/(-120))/((-2)/(18 - 0)) is divided by 34?
30
Let x = 58 + -31. Calculate the remainder when ((-52)/12)/((-1)/12) is divided by x.
25
Let f(d) be the first derivative of 22*d**3/3 + d - 29. Calculate the remainder when 90 is divided by f(-1).
21
Suppose -3*v = q - 12, -4*v + 2*q + 14 = -2. Suppose v = 2*h - 6*h. What is the remainder when 50 is divided by ((-5)/(-10))/(h/(-52))?
24
Let v(q) = q**2 - q + 4. Let t be v(3). Suppose 2*g - 16 = -o, 5*g - 4*o = o + t. Suppose 16 = 2*d - g. What is the remainder when 30 is divided by d?
8
Suppose -9*r - 69 = -249. Let q be ((-16)/24)/((-4)/(-426)). Let g = -34 - q. What is the remainder when g is divided by r?
17
Let z = 592 + -525. What is the remainder when 333 is divided by z?
65
Suppose -o = k - 547, -o + 3*o = 8. What is the remainder when k is divided by 140?
123
Suppose -4*b + 140 = 4*t - 8*t, -b + 5*t + 51 = 0. Let d = -27 + b. Calculate the remainder when 1 - 9*(0 + -1) is divided by d.
2
Suppose 0 = -2*v - v + 12. Let a(j) be the first derivative of j**3/3 + 5*j**2/2 - 15*j + 8. What is the remainder when a(-8) is divided by v?
1
Suppose 0 = 5*m - 4*j - 48, -m = m + j - 14. What is the remainder when -4 + (-4)/(-2) + m*7 is divided by (5 - 1)/(5/35)?
26
Let a be ((-738)/(-36))/(2/16*2). Suppose -4*f - 26 + a = 0. Calculate the remainder when (-6)/27 + 490/18 is divided by f.
13
Suppose -30 = -2*o - o. Let z(p) = 7*p**2 - 17*p - 14. Let i(y) = -y**2 + y. Let j(l) = -6*i(l) - z(l). Calculate the remainder when j(o) is divided by 13.
11
Calculate the remainder when -1 + (2 - 2/((-12)/630)) is divided by 36.
34
Suppose -32 = -y - p, -2*y + 9*p - 4*p + 29 = 0. Calculate the remainder when 65 is divided by y.
11
Let m be 1/(-2)*8/2. Let b be (18/(-63))/(m/14). What is the remainder when ((-2)/(-3))/(b/81) is divided by 10?
7
Let g(o) = 39*o - 2626. Suppose -4*r + 4*z + 304 = 0, 4*r - 235 = 2*z + 71. What is the remainder when r is divided by g(68)?
25
Let y be (3 + 0)*(-3 + -2)/(-5). Suppose -3*b = y*b - 90. What is the remainder when 52 is divided by b?
7
Let a(s) = -11*s + 377. Let r = 27 + -12. Calculate the remainder when a(32) is divided by r.
10
Suppose 3*n + 4*a - 64 = 0, -59 = -3*n - 2*a - 3*a. Let h(k) = 4*k**2 + k - 4. Suppose s - 2 + 4 = 0. Calculate the remainder when n is divided by h(s).
8
Suppose 0 = 3*b + 13*x - 9*x - 182, -x = -5*b + 334. Calculate the remainder when b is divided by 13.
1
Let h(p) = 2*p**3 - 16*p**2 + 15*p + 11. Calculate the remainder when h(7) is divided by 6.
0
Let k(o) = 6*o**3 - 2*o**2 - 3*o. Let y be k(3). Let b = y + -46. Suppose -3*c - 5*x + b = 0, 3*c = x - 2*x + 85. What is the remainder when 55 is divided by c?
27
Let f = -140 - -160. What is the remainder when f is divided by 7?
6
Suppose -5*z + 3*z + 24 = 4*u, u - 6 = -5*z. Suppose u*f + 15 = 9*f. Calculate the remainder when 31 is divided by f.
1
What is the remainder when 26/(-13) + -9 - -126 is divided by 58?
57
Let h(j) be the first derivative of -j**2/2 + 13*j + 18. What is the remainder when 29 is divided by h(5)?
5
Suppose 4*m = 5*l + 59, -3*m - 2*l - 14 = -4*m. Let q(b) = 2*b**2 - 4*b - 1. Calculate the remainder when m is divided by q(3).
1
Calculate the remainder when (-395)/(-6) - 34/(-204) is divided by 23.
20
Suppose -338*k - 1040 = -358*k. Calculate the remainder when k is divided by 29.
23
Suppose -3*d - 22 = -46. What is the remainder when 39 is divided by d?
7
Calculate the remainder when 159 is divided by (15 + -13)/((-2)/(-49)).
12
Suppose -2*q + 3*o - 3 = -21, 0 = 2*q - o - 14. What is the remainder when 36 is divided by q?
0
Suppose -2*v = -t + 128, -4*t + 2*v = -t - 376. Calculate the remainder when t is divided by 42.
40
Suppose 3*k = -3 + 12. Let o = -33 + 35. Suppose v + o*c = 4*v - 32, -k*v + 4*c + 22 = 0. Calculate the remainder when 54 is divided by v.
12
Let l be 4*(-3)/(-6) + 101. Let m be 6/(-10) + (-63)/45. What is the remainder when (-2)/(-4) - l/m is divided by 14?
10
Let l(w) = w**2 + 7*w - 6. Let p be l(-8). Suppose -m = -6*m + x + 25, 3*x = -p*m + 10. Calculate the remainder when 10 is divided by m.
0
Suppose -5*h = -11*h. Suppose -v + 4*b + 35 - 6 = h, -2*b - 10 = 0. Let i = 72 + -48. What is the remainder when i is divided by v?
6
Let j(q) = -q**3 + 6*q**2 + 8*q - 4. Let r be j(6). Let n = 339 - 355. Let w = n + r. What is the remainder when 109 is divided by w?
25
Suppose 7 = -25*l + 26*l - 2*a, -3*l + 2*a = -13. What is the remainder when 28 is divided by l?
1
Let p be 12/(-14)*-14*1. Suppose 0 = -0*v - 6*v - p. Let j = 26 - v. Calculate the remainder when j is divided by 8.
4
Let d = 283 - 182. Let q = -8 - -34. What is the remainder when d is divided by q?
23
Suppose -3*b + 7 = 5*h, -5*b + 4*h + 33 = -28. Suppose b = -v + 12. Suppose -2*i = -41 - v. What is the remainder when i is divided by 12?
10
Let z = 19 - -28. Let k = z - 35. What is the remainder when 34 is divided by k?
10
Suppose p = 5, 13 = 3*j + 6*p - p. What is the remainder when j/(-24)*1*-2*-21 is divided by 4?
3
Su